.
5
Let a(c) = -c**3 - 7*c**2. Suppose -t = -2 + 9. What is a(t)?
0
Let b(s) = 2*s + 19. Let l be b(-10). Let k(w) = -4*w**3 - w**2. Calculate k(l).
3
Let y be (15/(-9) + 1)*9. Let g(x) = 17 + 7 - x - 28 + 2*x. Determine g(y).
-10
Let b(v) = -v**3 - 2*v**2 + 2*v. Suppose -16 = 4*c, -5*c - 2 - 8 = 2*n. Suppose 0 = -n*m - 15. Calculate b(m).
3
Let t(s) be the second derivative of -8*s + 0*s**3 + 0 + 0*s**2 + 1/3*s**4. Give t(-1).
4
Let t(g) = 2*g**3 + 5*g**3 - 9*g + 1 + 5*g**2 + 0*g. Let h(u) = -13*u**3 - 9*u**2 + 17*u - 2. Let i(y) = 6*h(y) + 11*t(y). Let j = -42 - -44. Give i(j).
1
Let r(u) = 2*u**2 + 4*u. Let g = 10 + -7. Suppose -g*s = 10 - 1. Determine r(s).
6
Let t(z) be the first derivative of -z**4/4 - z**3 + z**2 - z - 11. Suppose 2*o - 9 = -o. Suppose o = 3*b + 15. Calculate t(b).
7
Suppose -13 = 2*w + x, -4 - 6 = 2*w - 2*x. Let a(f) = f**2 - 6*f - 3. Let c be a(7). Let k(q) = -7*q**2 - 3 - 5*q - c*q + 2*q - q**3. Give k(w).
3
Suppose 3*y + 36 = 5*y + 2*b, -2*y + b = -42. Suppose m + 6 = -2*s + 2, 5*m + 2*s + y = 0. Let o(a) = a**2 + 3*a + 3. Give o(m).
7
Let g(h) = -9*h**2 - 7*h + 7. Let n(t) = -9*t**2 - 6*t + 6. Let k(x) = 6*g(x) - 7*n(x). Give k(1).
9
Let z(u) = -6*u**2 + u**3 - 3 - 6*u - 4*u**3 + 2*u**3. Suppose 5*v - 20 = 0, -8*v + 3*v = -4*r. Suppose r*b + 6*s = 2*s - 41, -b = -s + 1. Give z(b).
2
Let w be (-1)/(-3) - (-17)/3. Let j(z) be the third derivative of 1/6*z**3 - 1/4*z**4 + 1/120*z**6 - 1/12*z**5 + 0*z + 0 + 3*z**2. What is j(w)?
1
Let u = -14 - -17. Let d(t) = -t**3 + 3*t**2 + 2*t - 4. What is d(u)?
2
Let l(v) = -3*v - 2*v + 4*v. Let o(u) = 3*u**2 + 10*u - 15. Let x(q) = 4*q**2 + 15*q - 22. Let m(p) = 7*o(p) - 5*x(p). Let b be m(4). Calculate l(b).
-1
Let t(x) = 4*x**2 - 4*x**2 + 6*x**2 - 2 + 4*x + x**3. Let y = 8 + -6. Suppose 2*g = y - 12. Calculate t(g).
3
Let d(a) be the first derivative of -3*a**2 - 13*a + 1. Let v(u) = -3*u - 7. Let s(l) = 4*d(l) - 7*v(l). Calculate s(-2).
3
Let j(x) = x**3 - 5*x**2 - 2*x + 1. Let a(c) = c**3 + 9*c**2 + 15*c + 12. Let d be a(-7). Calculate j(d).
-9
Let s(d) = 2*d**3 - 6*d**2 - 7*d + 2. Let k(h) = h**3 - h + 1. Let z(i) = 3*k(i) - s(i). Give z(-4).
17
Let c(m) = m**3 + 6*m**2 + 7*m + 3. Let y = -10 + 13. Suppose -1 = -y*k - 4*r, 20 = -0*r + 5*r. Determine c(k).
-7
Let p(y) = -2*y**2 - 5*y - 4. Let b(a) = a**2 + 6*a + 5. Let k(l) = 3*b(l) + 4*p(l). Suppose -2*r = 5*n - 23, 2*r - 4*n + 24 = -2*r. Determine k(r).
-4
Suppose 2*u = -3*y - 15, 19 - 1 = -4*y - 2*u. Let c(l) = -4*l. Let i be c(-1). Let z(g) = 0*g**3 - g**3 - 3*g**2 + i + 0*g**2. Calculate z(y).
4
Let c(g) = -11*g + 29. Let m(a) = -4*a + 10. Let u(b) = -6*c(b) + 17*m(b). Suppose -3*k + 9 = -0*k, k = -5*z + 28. Let p be 1 + 0/4 - z. What is u(p)?
4
Let u(n) = n**2 + n - 7. Let p be (-11)/(-33) + 40/6. Let q = -7 + p. Give u(q).
-7
Let c(o) = -o + 2. Let r be c(5). Suppose 2*u + 0*u - 2 = 0. Let w(z) = z - 3*z + u + 3*z. Determine w(r).
-2
Let t(h) = -h - 5. Let w(z) = -z**3 - 2*z**2 + z + 2. Let l be w(-1). Suppose -m - 9 + 3 = l. Determine t(m).
1
Let v(i) = -i**2 + 10*i - 19. Let w be v(7). Let y(t) = 2*t - 2. Calculate y(w).
2
Let j(n) = 4*n - 3. Suppose 1 = -4*a + 9. Determine j(a).
5
Let r(d) = -12*d + 5*d + 11*d + 5 - d**2. Suppose 4*i + 2*b = -i + 19, 0 = -i + b + 8. Give r(i).
0
Suppose k + 3*k + 4 = 0. Let u(n) = -1 - n**3 + 5*n**3 + n**3 + 2*n**2. Give u(k).
-4
Let u(y) = -2*y + 3. Let b be 1/4 + 12/16. Suppose -13 = -4*k - b. What is u(k)?
-3
Let i(s) be the second derivative of -s**8/6720 - s**7/504 - s**5/20 - s**4/6 + 4*s. Let l(a) be the third derivative of i(a). Determine l(-5).
-6
Suppose -5*b + 20 - 5 = 0. Suppose 0 = -3*v + b*k + 12, 5*k = v + 8 - 28. Let u(c) = v + 0*c - c**2 - 2 - 5*c. Give u(-5).
-2
Suppose -13*w + 14*w + 1 = 0. Let p(m) = -13*m**3 - m**2 + 1. What is p(w)?
13
Suppose -2*v = 16 - 0. Let b be (-2)/v*-2*-8. Let i(h) = -h**2 + 2*h + 1. What is i(b)?
-7
Let l(z) = z + 3. Let o be l(0). Let v(y) = -3 - y**3 + 2*y**2 + 2*y + o. Calculate v(3).
-3
Let c(t) = -2*t + 1. Let k(b) = 2*b - 2. Let i(j) = -4*c(j) - 5*k(j). Calculate i(6).
-6
Let k = -8 + 13. Suppose -k*p + 0*p = -25. Let f(s) = -4*s**3 + p*s**3 - 2 + 2*s**2 - 5*s**2 + 4*s. Calculate f(2).
2
Let c(l) = 3*l - 4*l - 7 + 0*l. Determine c(-3).
-4
Let l(u) = -u**2 + 4*u + 13. Let z be l(7). Let v(i) = -2*i - 11. Give v(z).
5
Let m(y) = -y + 16*y**2 + 4 - 17*y**2 - 4. Determine m(-3).
-6
Let v(l) = 5 - 1 + l**3 + 0*l**3 - 5*l**2. Let o be (-12)/(-5) + 0 + 3/5. Calculate v(o).
-14
Let i(s) = s**2 - 6*s - 2. Let o be i(5). Let l(w) = w**3 + 6*w**2 - 6*w + 8. Calculate l(o).
1
Let b(m) = m**3 - 7*m**2 + 4*m - 6. Let t(u) = u**2 + 1. Let i(j) = b(j) + t(j). Calculate i(5).
-10
Let w(u) = 1 + 2*u**2 + 5*u - 2 - 6. Determine w(-5).
18
Suppose 0 = 2*x - 17 - 3. Let h = x - 4. Let g = h - 4. Let d(v) = v**3 + v**2 - 3*v + 1. Give d(g).
7
Let x(s) = 2*s + 39. Let k be x(-16). Let o(z) = 2*z - 10. Give o(k).
4
Suppose 3*h + 10 = g + g, 2*g = -4*h - 18. Let d(f) be the first derivative of -f**4/4 - f**3 + 2*f**2 + 4*f - 2. Determine d(h).
4
Let r(v) = -v**3 + 6*v**2 + 2. Suppose 4*w = -0*w + 24. Determine r(w).
2
Let g(x) = x - 1 + 2 + x + 2*x. Give g(3).
13
Let i = 5 + -3. Let w be i + -3 - (-2 + -1). Let a(g) = -g + 2*g**2 - 3*g**w - 6 + g. What is a(0)?
-6
Let l(s) = s**2 + 1. Let w be l(-1). Let m(v) be the third derivative of 0 + 0*v**3 + 0*v + 1/30*v**5 - 1/24*v**4 - w*v**2 - 1/24*v**6. Determine m(1).
-4
Let d(o) = o**2 - 8*o - 1. Let a(m) = 0 + m + 0*m + 1. Let j = -4 - 1. Let w(p) = j*a(p) - d(p). Determine w(3).
-4
Let f(j) = j + 1. Let m be (3/(-2))/((-2)/(-4)). Determine f(m).
-2
Suppose -3*h - 5*w = -2*w - 24, 3*h = 5*w - 16. Suppose -4*i + l + 19 + 10 = 0, 0 = -3*i - h*l + 3. Let f(a) = -4*a**2 + 4 - 2*a**2 + 2*a**3 - a**3. Give f(i).
4
Let c(x) = 2*x**2 - 6*x + 2. Let w(l) = -l**3 - 2*l**2 + 3*l + 4. Let i be w(-3). Determine c(i).
10
Let l be 0 + (-1 - -15)/2. Let a(r) = r**3 - 8*r**2 + 6*r + 9. Let p be a(l). Suppose 3*k - p*f + 16 = 0, -k = 4*k - 3*f + 26. Let h(x) = x + 4. Give h(k).
0
Let c(r) = 5*r**3 + 2*r**2 - 12*r - 4. Let m(k) = -11*k**3 - 5*k**2 + 26*k + 9. Let f(l) = -13*c(l) - 6*m(l). Determine f(-4).
-2
Let v(m) be the second derivative of -m**4/6 + 4*m**3/3 - 5*m**2/2 + 21*m. Give v(5).
-15
Let b(x) be the first derivative of 8*x**2 - x + 56. What is b(-1)?
-17
Suppose 0 = -3*q + d + 1, 2*q - 2*d = 3*d - 21. Let c(y) be the first derivative of y - 3 - 3/2*y**q. Give c(2).
-5
Let m be (-30)/(-8) - (-2)/8. Let a be (2/m)/((-3)/6). Let c(q) = 2 + 2 + q**3 - 5 - q. What is c(a)?
-1
Suppose 5*p - 5 = -u, -u = -0 - 5. Let d(v) be the second derivative of -3*v + p - 1/3*v**3 + 2*v**2. Calculate d(5).
-6
Suppose -4*j = j + 10. Let x(g) = g - 2. Let f(p) = 4*p - 7 + 1 + 0*p. Let s(i) = j*f(i) + 7*x(i). What is s(-1)?
-1
Let j(o) = o**2 + 2*o. Suppose 5*a - 17 = -3*u + 3, -3*u = -2*a - 13. Let x(r) = 0*r + a + 2 - 4 + r. Let m be x(-2). Give j(m).
3
Let l be ((-20)/(-15))/((-3)/(-9)). Suppose -2*r - 13 = -3*b, 15 = -l*r + 3*b - 8*b. Let i(j) = j + 6. Determine i(r).
1
Let t(x) be the third derivative of x**7/840 + x**6/180 + x**5/60 - x**4/12 + 4*x**2. Let b(s) be the second derivative of t(s). What is b(-2)?
6
Let a(s) = -s**2 - 7*s - 8. Let q = -41 - -34. Give a(q).
-8
Let q(g) = -6*g**3 - 6*g**2 + 8*g. Let p(a) = a**3 + a**2 - a. Let j(c) = 5*p(c) + q(c). Determine j(-3).
9
Suppose -q - 2*x = -9, -2*q + 4*x = 2*x. Let k(m) = -4*m + q*m - 2*m + m. Determine k(2).
-4
Let n(i) = -i**3 - 3*i**2 + 4*i + 3. Let m = -5 + 1. Let s be n(m). Let r(c) = -3*c + c - 3 + c**s + 5*c - 4*c**2. Calculate r(3).
-3
Let i(w) = -w**2 - 4*w - 3. Let k be i(-2). Suppose 2*m - 3*h - 29 = 0, -6*h + 2*h = 3*m - k. Let c = m + -12. Let u(v) = -v**2 - 2*v + 5. Determine u(c).
-10
Let l be (-9)/(-6)*(-12)/9. Let y be (-1)/((-1)/(2/l)). Let g(p) = 4*p**2 + 2*p + 1. Determine g(y).
3
Let v(y) = 14*y**2 - 15*y**2 + 2 - y**3 + 2 - 9*y - 9*y**2. Give v(-9).
4
Let c be 50/(-30) + (-2)/(-3). Suppose 0*i = 3*i - 6. Let k = c + i. Let w(d) = d**2 - d + 1. What is w(k)?
1
Let y(t) be the first derivative of t**4/4 + 8*t**3/3 + 5*t**2/2 - 8*t - 20. Suppose -2*a - 2*g + 38 = -6*a, -1 = 3*a + 4*g. Determine y(a).
6
Let i(j) be the third derivative of j**4/6 - 2*j*